(base 6) in base 3?
10021212010011
11001100011110001001 (base 2) to base 10
837513
What is 126db (base 15) in base 10?
58931
Convert -1010111011111001000 (base 2) to base 7.
-3021510
-203331022312 (base 4) to base 9
-18655427
What is 45320230 (base 7) in base 10?
3937759
What is 83f69 (base 16) in base 9?
1013408
What is 66037b (base 12) in base 5?
403233220
Convert -2357270 (base 8) to base 3.
-1012212022001
What is -1215539 (base 10) in base 14?
-238da3
-443440 (base 8) to base 11
-a217a
What is -113456403 (base 7) in base 15?
-93ac56
-4bb3a4 (base 12) to base 4
-10233131230
5145355 (base 6) to base 13
88838
-1104510 (base 7) to base 15
-2a4c0
Convert 5734063 (base 10) to base 12.
1b063a7
-31514610 (base 8) to base 3
-110122121120011
-20433034 (base 5) to base 8
-516013
133f99 (base 16) to base 9
2332357
What is b7460 (base 13) in base 5?
41032204
10301423421 (base 5) to base 11
6210a39
What is -440321113 (base 5) in base 15?
-273b3d
What is 20002122210002 (base 3) in base 2?
1100010111010000001110
Convert -1110011111100 (base 2) to base 13.
-34ba
Convert 12145643 (base 8) to base 4.
22030232203
Convert -a45889 (base 12) to base 14.
-4b2929
What is 120210100022021 (base 3) in base 4?
200000300332
-24a54 (base 12) to base 14
-14276
What is 41989 (base 14) in base 11?
a8a23
Convert 137774 (base 8) to base 3.
2111102022
4044634 (base 8) to base 15
161415
-74002 (base 9) to base 3
-2111000002
-4101252 (base 8) to base 13
-2bb66a
Convert -222331320102 (base 4) to base 7.
-164511132
What is ae47 (base 16) in base 4?
22321013
Convert -23307 (base 8) to base 10.
-9927
What is 277514 (base 8) in base 7?
556035
What is -138691 (base 12) in base 3?
-121112222001
-13130030212 (base 4) to base 5
-444404002
Convert -db9ec (base 15) to base 8.
-2522231
9468b (base 12) to base 6
4100255
-236506 (base 7) to base 14
-11a06
Convert -4141214 (base 5) to base 15.
-1538e
What is 1110100010110010110010 (base 2) in base 3?
21011200210211
What is -120343243 (base 6) in base 11?
-130a5a8
25c30 (base 14) to base 11
63917
1262a8 (base 16) to base 15
18c01e
What is 132371 (base 9) in base 11?
5552a
What is 2c071 (base 15) in base 5?
14014411
What is -122042301 (base 5) in base 7?
-4636510
4afc73 (base 16) to base 15
671146
What is -350540014 (base 6) in base 12?
-220760a
What is 585358 (base 9) in base 14?
92238
What is -13645262 (base 7) in base 14?
-257969
Convert -47723567 (base 8) to base 14.
-156511d
Convert -235420215 (base 6) to base 10.
-4466099
-16950 (base 14) to base 13
-1ca78
Convert 4e24a (base 15) to base 3.
110201022021
Convert -21012122121002 (base 3) to base 9.
-7178532
Convert 1723 (base 8) to base 4.
33103
20627 (base 16) to base 14
364ab
362337 (base 9) to base 14
59772
-24c6207 (base 13) to base 4
-223312122021
What is -146356 (base 7) in base 8?
-67761
Convert -84868f (base 16) to base 10.
-8685199
Convert 170c1 (base 13) to base 15.
d0ec
Convert 4c034 (base 16) to base 5.
34430343
31220042 (base 5) to base 2
111110110111110010
-39809 (base 15) to base 2
-101100111011111011
What is -254478 (base 9) in base 8?
-455146
22111322 (base 5) to base 13
691bb
Convert 288825 (base 9) to base 13.
627b3
What is -2601808 (base 10) in base 13?
-701341
What is -85a62 (base 12) in base 5?
-21113132
What is -2111121022200 (base 3) in base 6?
-44304243
-4798 (base 13) to base 16
-2770
What is 1b347a (base 14) in base 15?
1423ee
What is 2d207 (base 14) in base 2?
11011100100000111
What is -82757 (base 11) in base 7?
-1011615
Convert 4635d (base 14) to base 13.
5c985
What is -447508 (base 9) in base 15?
-545db
100011101101110 (base 2) to base 3
221002021
Convert 1332222220 (base 4) to base 9.
870621
What is 1100110001101001010 (base 2) in base 5?
101344014
Convert 101101110110001110 (base 2) to base 3.
100112121012
8951d (base 14) to base 10
333031
Convert 59a86 (base 11) to base 15.
1a95d
Convert -8790 (base 14) to base 15.
-6e35
Convert -18387853 (base 10) to base 8.
-106111615
Convert 1676859 (base 10) to base 8.
6313073
-11100000100001100 (base 2) to base 13
-4042a
What is -2302123313 (base 4) in base 14?
-1504d1
Convert 110111011000110100 (base 2) to base 13.
7c355
What is 44a02 (base 11) in base 8?
177114
-3303102230 (base 4) to base 14
-1bd244
200241211 (base 6) to base 4
30321100213
What is 304455 (base 16) in base 15?
4273b6
10022143 (base 5) to base 12
3a135
866339 (base 10) to base 16
d3823
Convert -15881b (base 13) to base 6.
-15231454
-10010000000111000000001 (base 2) to base 15
-63426c
What is 1582720 (base 12) in base 13?
bb0c77
What is -150008 (base 10) in base 8?
-444770
What is -12212121200 (base 3) in base 12?
-56b00
32310013 (base 5) to base 12
113615
-1200aa (base 12) to base 3
-112202101211
What is 2832b0 (base 12) in base 7?
5454615
What is 334200332 (base 5) in base 3?
2202221110001
Convert 62490 (base 11) to base 8.
261723
What is -11000111000100011 (base 2) in base 9?
-164727
What is 1412324 (base 5) in base 12?
14a01
What is -11100110101011001001 (base 2) in base 12?
-396949
What is 45443144 (base 6) in base 7?
14546356
-12002120202200 (base 3) to base 2
-1010010101001001100000
-4748464 (base 9) to base 4
-21303310231
40010266 (base 8) to base 7
131224025
Convert -30045360 (base 7) to base 11.
-1445959
Convert 1203466 (base 9) to base 12.
275466
What is 168653 (base 9) in base 12?
50779
2b056 (base 12) to base 3
10002001110
Convert -1a24674 (base 12) to base 2.
-10101000100100010111000
-1020101122213 (base 4) to base 11
-a770207
What is -7ca2 (base 15) in base 5?
-1321402
What is -7026 (base 11) in base 16?
-2481
Convert 405700 (base 10) to base 7.
3306541
20907 (base 12) to base 2
1010011100010111
Convert 22122022010 (base 3) to base 6.
3351220
Convert -170922 (base 12) to base 5.
-100122211
27811 (base 12) to base 16
d5cd
What is 21202212202211 (base 3) in base 7?
50053645
-140c9c (base 16) to base 14
-262bb6
-623797 (base 11) to base 10
-1000534
What is -572b91 (base 12) in base 14?
-284285
Convert -111111111001011101111010 (base 2) to base 8.
-77713572
What is 24197 (base 12) in base 13?
191aa
What is -4a9c9 (base 15) in base 9?
-403100
245476 (base 9) to base 4
210032130
What is -7751670 (base 10) in base 15?
-a31bd0
What is -3433045 (base 6) in base 12?
-85785
Convert 35516727 (base 8) to base 7.
123034501
Convert -1010010001110101100 (base 2) to base 13.
-ba3c8
Convert 746b2 (base 15) to base 3.
200202201012
What is 152044215 (base 6) in base 8?
14100363
What is 1054661 (base 12) in base 4?
23310032221
What is 11212221 (base 3) in base 9?
4787
-353101 (base 7) to base 10
-63505
What is 33408 (base 9) in base 12?
10a22
What is -d6491 (base 15) in base 2?
-10100101110111110011
-4525755 (base 8) to base 5
-303124121
What is 10745570 (base 9) in base 7?
62266050
30301424 (base 5) to base 16
3b915
-31002445 (base 6) to base 12
-369425
Convert 4333853 (base 9) to base 13.
63562b
502378 (base 9) to base 16
48839
What is 1529856 (base 10) in base 4?
11311200000
Convert 2044613 (base 7) to base 9.
415215
-78460 (base 13) to base 4
-311102101
Convert -207256 (base 8) to base 11.
-48075
12d6ce (base 15) to base 6
31230352
What is -3211044443 (base 5) in base 6?
-400224042
What is 10001212200112 (base 3) in base 4?
12032100221
Convert 221110022 (base 3) to base 5.
1043212
Convert 246122 (base 8) to base 14.
2300a
Convert 1122020021012 (base 3) to base 12.
35b9b8
What is -192701b (base 12) in base 9?
-10835455
What is -6b4bf6 (base 16) in base 6?
-410414342
-7791a4 (base 12) to base 10
-1902796
Convert -29b884 (base 13) to base 3.
-1221002101200
What is -aa0ca (base 14) in base 3?
-202220212001
What is -eb98 (base 16) in base 14?
-17da0
563354 (base 7) to base 15
1e7db
166637 (base 10) to base 4
220223231
Convert 2692534 (base 10) to base 14.
50135c
Convert 720140 (base 8) to base 9.
402011
Convert -20112010012 (base 3) to base 16.
-1f586
-61200 (base 13) to base 12
-84779
What is -212433231 (base 5) in base 11?
-5692a9
302212444 (base 5) to base 13
334bc9
-14154142 (base 8) to base 3
-20000122010002
Convert 111000110000101001010 (base 2) to base 9.
3444281
What is 334230302 (base 5) in base 3?
2210000222221
What is 56b37 (base 16) in base 9?
601125
What is -1111100111100 (base 2) in base 3?
-101222011
What is -5235231 (base 6) in base 15?
-